 u?
2
Suppose -2*g + 6 = 0, -3*g - 18 = 2*y - 59. What is the units digit of y?
6
Let f(a) = 2*a**3 - 3*a**2 + 3. Let d = 9 - 7. What is the units digit of f(d)?
7
Suppose -5*k + 50 = 5*y - 0*k, 2*k + 4 = y. Suppose y = -2*x + 4*x. Suppose 0*l + 2*i - 25 = -3*l, 0 = -x*i + 8. What is the units digit of l?
7
Suppose 12 = 4*d - 2*d. What is the units digit of (-30)/45 + 154/d?
5
Let p be (-6)/15 - 24/(-10). Let o(t) = t - 6*t + 2*t + t**2 + t**2. What is the units digit of o(p)?
2
Suppose -2*k + 10 = -0*k. Suppose 2*q = -4*x + 162, -4*x + 159 = k*q - 12. What is the units digit of x?
9
Suppose 3*o - w = 5, 5*o + 5*w = o + 13. Let s be o + (-5)/(15/6). Suppose s = -j - 4*z + 26, -5*j + j + 4 = -4*z. What is the units digit of j?
6
Suppose 3*o + s = 83 + 90, 5*o - 307 = 3*s. What is the units digit of o?
9
Let n(z) = -z**3 + 11*z**2 + 2*z + 5. Let t be n(10). Suppose 20 - t = -5*f. What is the tens digit of f?
2
Suppose -t + 40 = 3*t. What is the units digit of 1*2 - (-27 + t)?
9
Suppose -5*p + 10*p + 18 = w, -5*p - w = 12. What is the tens digit of (-166)/(-8) + p/(-12)?
2
Let f = 12 + -2. Suppose -5*q = -f, 5*s - 2*s = -q + 146. What is the tens digit of s?
4
Let d = 1 - -49. What is the tens digit of d?
5
Let b be ((-3)/2)/(7/(-14)). Suppose -w + 3 + 5 = -h, w - b*h = 18. Suppose -w*x - o + 4*o + 72 = 0, 0 = -3*x + 2*o + 68. What is the units digit of x?
0
Let j(l) = -l - 5. Let k = -17 - -11. Let u be j(k). What is the tens digit of 13*(1 + 1 - u)?
1
Let h(q) = q**2 + 9*q + 14. What is the units digit of h(-10)?
4
Suppose -m + 148 = c, 3*m - 4*c + 296 = 5*m. What is the tens digit of m?
4
What is the tens digit of 192/9*9/4?
4
Suppose -4*s = 5*w - 7*s - 186, 4*w - 159 = -s. What is the tens digit of w?
3
Let s = -1 - 0. Let d be (-1 - (3 + s))*1. Let b = 4 + d. What is the units digit of b?
1
Let a(g) be the third derivative of g**6/120 - 2*g**5/15 - 3*g**4/8 + 5*g**3/3 + 3*g**2. What is the units digit of a(9)?
0
Suppose -3*r = -r - 10, -3*s = -4*r - 1015. What is the units digit of s/25 - (-1)/5?
4
Let a = 8 + -4. Suppose a*f - 40 = -f. What is the units digit of f?
8
Let a(i) = -i**3 + i + 2. Let d be a(0). Let q = -6 - -22. Suppose -c - 8 = -2*g, 2*g - q = -d*g - 5*c. What is the units digit of g?
4
Let c(z) = 10*z + 5. What is the units digit of c(3)?
5
Let u = 5 + -1. Suppose -n - 4*n - 40 = -3*d, -u*d = -3*n - 46. What is the units digit of d?
0
Suppose -2*v = 4*f + 2*v - 40, -3*f + 2*v + 5 = 0. What is the units digit of ((-16)/(-5))/(2/f)?
8
Suppose -i + 1 = -1. Suppose -5 = 5*l, 4*l - i*l = -2*q + 76. What is the units digit of q?
9
Let t(l) = l**2 - 5*l - 18. Let a be t(10). Let w = -19 + a. What is the tens digit of w?
1
Let l be (-34)/5 + (-1)/5. Let p = l + 12. What is the units digit of p?
5
Let h(z) = 2*z**2 - 3*z - 3. Let v be h(-3). What is the units digit of v/11 + (-20)/110?
2
Suppose -10 = -2*t, p = -0*p - 2*t + 321. What is the units digit of p?
1
Let z be (-2)/6 - 1/(-3). Let a = 8 - z. What is the units digit of a?
8
Let u be 2/2*5/(-5). Let i be 3/(1 + (-10)/16). Let g = i + u. What is the units digit of g?
7
Suppose 5*d + c = 10, 5*c - 20 = 5*d - 60. Suppose -d*r + 7*r = 16. What is the units digit of r?
4
Suppose 5*b - 2*x = x + 443, 3*b - 281 = -2*x. Suppose 2*z = -2*z - q + b, 5*z = q + 125. What is the tens digit of z?
2
Let p be (-21)/(-7) - (4 - 1). What is the units digit of p - 1 - (-1 - 7)?
7
Let t(m) = m. Let b be t(0). Let n be 10/(-2) + (b - 0). Let y = n + 15. What is the tens digit of y?
1
Suppose -g + 1 + 0 = 0. Suppose p - g = 4*q + 9, 0 = q - 4*p + 10. Let d = 6 - q. What is the units digit of d?
8
What is the tens digit of -2 - ((4 - 2) + -15)?
1
Let m(t) = t + 6. Let r be m(-5). Suppose 51 = -6*y + 123. What is the units digit of y + (0/(-3))/r?
2
Suppose 0 = -m - 4*m + 4*o + 7, -3*o + 6 = 0. Suppose 0 = -m*u - 0 + 3. What is the units digit of u?
1
Let c(b) be the second derivative of b**3/6 + 7*b**2/2 - 5*b. What is the units digit of c(11)?
8
Let m(w) = 2*w**3 + 3*w + 1. What is the tens digit of m(3)?
6
Suppose -5*l = -l - 84. What is the units digit of l?
1
Let p = 2 + 3. Suppose -68 + 8 = -p*n. What is the tens digit of n?
1
What is the units digit of (-8 - -9) + 47/(-1 + 2)?
8
Let j(s) = 5*s - 8. What is the tens digit of j(4)?
1
Suppose -9*v + 6*v + 276 = 0. What is the units digit of v?
2
Let n(m) = 5*m - 44. What is the units digit of n(9)?
1
Let s(i) = i - 5. Suppose 3*f - 50 = -2*f. What is the units digit of s(f)?
5
Let z = 13 - -5. What is the tens digit of z?
1
Let t be 8 + -1 + (-5 - -7). Let x = t + -4. What is the units digit of x?
5
Let f(x) = x**3 - 11*x**2 + 12*x - 13. Let n be f(10). Suppose n*s - 3*i = 3*s + 61, -5*s - i + 62 = 0. What is the tens digit of s?
1
Let w = 5 + -7. Let h(a) = -14*a - 3. What is the units digit of h(w)?
5
Let b = -8 - 8. Let f = b + 17. What is the units digit of f?
1
What is the units digit of 1 + 1 - (0 - 7)?
9
What is the units digit of (-161)/(-5) - 18/90?
2
Suppose 0 = k - 3*k. Suppose k = -2*n + 6*n. Suppose a - 4 - 1 = n. What is the units digit of a?
5
Let w be (1 - 0)/(-1) + 0. Let p = 3 - w. What is the units digit of p?
4
Let o = -4 - -8. Suppose 0*j = 2*q - 4*j - 10, o = 4*j. What is the units digit of q?
7
Let b = 238 - 116. What is the units digit of b?
2
What is the units digit of 285/(6*5/30)?
5
Let u(y) = -3*y**3 - 5*y**2 - 7*y - 5. Let b(c) = -10*c**3 - 14*c**2 - 21*c - 15. Let h(n) = -2*b(n) + 7*u(n). What is the tens digit of h(-7)?
4
Let d(g) = -6*g**3 - 6*g**2 + 3. Let m(i) = 11*i**3 + 11*i**2 - 5. Let y(q) = -7*d(q) - 4*m(q). Let j be y(-2). Let c = j - -2. What is the units digit of c?
9
Let p(t) = -t**2 - t + 4. Let x be p(0). Suppose 0 = -k + 2*d + 8, 0*k = 5*k + 2*d + 8. Suppose -x*q + 48 = -k*q. What is the tens digit of q?
1
Let p = 41 + -29. Let t be p - (-3)/(2 - 1). Suppose -3*u + 18 = -t. What is the tens digit of u?
1
Suppose 2*u = -16 + 52. Let v = u + -10. Let y(m) = -m**2 + 8*m + 9. What is the units digit of y(v)?
9
Suppose -5*i = 0, 2*k - k = i - 4. What is the tens digit of 21 - 3*k/6?
2
Let j be -2*-2*4/(-8). Let p(z) = -2*z**2 + 2*z + 1. Let a be p(-1). What is the units digit of a - j - (0 + -9)?
8
Let m(c) be the third derivative of -c**6/120 + 2*c**5/15 - 7*c**4/24 - 5*c**3/6 + 4*c**2. What is the tens digit of m(6)?
2
Let o = -34 + 62. What is the tens digit of o?
2
Let f(l) = -l**2 - 6*l + 3. Let p be f(-6). Let d be (-12)/(-30) - (-106)/10. Suppose p*h - g - 16 = 0, -4*h + 23 + d = 5*g. What is the units digit of h?
6
Let z = 525 + -353. What is the units digit of z?
2
Suppose -603 = -5*d - 0*d + 3*s, 5*d - 601 = s. What is the hundreds digit of d?
1
Let n be (-352)/(-8) + -1 + 1. Suppose 0 = -5*x + n + 41. What is the tens digit of 2/(-2 + x/8)?
1
Let b(z) = -z + z**2 + 7*z**3 - 1 - 4*z**3 - 8*z**3. Let w(i) = -i**3 - 6*i**2 - i - 7. Let v be w(-6). What is the units digit of b(v)?
6
Let c = -123 + 175. Suppose 4 = -a, -i = 3*i - 5*a - c. What is the units digit of i?
8
Suppose -2*v + 4*n = -14, 2*v + 1 = 3*v + n. Suppose -x = t - 33, -v*x = 5*t - 45 - 64. What is the tens digit of x?
2
Suppose 3 = 5*u - 17. Suppose -3*h - 3*p + 27 = 9, -u*h - 2*p + 20 = 0. Suppose h*d + 2 = -3*y, -4*d - d = 25. What is the units digit of y?
6
Let w(q) = -q**2 - 5*q + 2. Let p be w(-5). What is the units digit of p/6 - (-1140)/36?
2
Suppose 2*s - 21 = 13. What is the tens digit of s?
1
Let u(h) = -h**2 + 18. Let c be u(0). Suppose -2*r - c = 5*k, -5*k - 8 = -r - 2. Let w = r + 6. What is the units digit of w?
2
Let c = 14 + -10. Suppose -4*o = c*j + 52, -3*o - 5*j - 33 = 10. Let a = o + 16. What is the units digit of a?
5
Let j(f) = -32*f**2 - 2*f. Let o be j(-2). What is the tens digit of o/(-7) - (-8)/28?
1
Let m = 51 + -1. What is the tens digit of m?
5
Let b(o) = 4*o + 20. Suppose -4*x + 37 - 13 = 0. What is the tens digit of b(x)?
4
Let h(j) = 3*j**3 + 3*j**2 + 8*j + 3. What is the units digit of h(4)?
5
Let i(u) = 20*u + 1. Let q = -6 + 8. What is the tens digit of i(q)?
4
Let g = -32 + 104. What is the units digit of g?
2
Suppose 2*m = -24 + 2. Let q = -4 - m. What is the units digit of q?
7
Let d = 19 + -19. Suppose -4*q - 12 + 48 = d. What is the units digit of q?
9
Let m(w) = w**2 - 2*w. Let s be m(6). 